 + -14 + 5
3
What is 0 + (2 - 5 - (-1 - 6))?
4
What is 11 + 1 + -4 + -4?
4
What is the value of 0 - (4 - (0 - -2))?
-2
Evaluate (-2 - (-7 + 6)) + (0 - -4).
3
What is the value of -1 - (-1 - 0) - (33 + -28)?
-5
What is the value of (10 + 8 - 7) + -13?
-2
Evaluate -72 + 77 + (-5 - (-2 - -1)).
1
Calculate 77 + -81 + 8 + 0.
4
What is -6 - (-1 - (5 + -1 + -2))?
-3
What is 3 + 4 - (8 + -6 + 3)?
2
Calculate 1 + 1 + 6 + (-1 - 4).
3
What is -1 + 1 + 1 + 1 + 1?
3
What is the value of 6 - (-11 + 14) - -7?
10
What is (2 - -13) + 43 + -48?
10
Evaluate -4 + (8 - 8 - 1).
-5
0 - (-3 + (-1 - 1) - -2)
3
(1 + -2 - 0) + (47 - 41)
5
What is the value of 3 + -8 - (-16 + 16)?
-5
Evaluate (-1 - 7) + -5 + 7 + 3.
-3
Evaluate 5 + (-1 - 0) + -1.
3
What is the value of 76 - 83 - (-1 + 2)?
-8
Evaluate (6 - 11) + -3 + 3.
-5
What is the value of 34 + -22 - (13 + 0)?
-1
(0 - (-4 + (11 - 3))) + 4
0
Calculate 5 + (7 + -12 - 2).
-2
(0 - -2) + -2 + 1 + -6
-5
What is the value of -1 + -14 - (27 - 37)?
-5
What is -7 + -1 - (-16 + 7)?
1
-4 - (0 - (-3 + 4 + 2))
-1
What is the value of 5 + 1 - (2 - (4 + -6))?
2
0 - ((-6 - -8) + -4) - -4
6
(3 + 8 - 10) + (1 - -2)
4
6 + -5 + 2 + -2 + 4
5
What is 3 + 0 + (4 - 13 - -7)?
1
What is -8 + (12 - 4 - 18) + 8?
-10
(0 - -1) + -3 + (-3 - -5)
0
What is the value of 8 + (5 - (-2 + 15)) + 11?
11
4 - 2 - (6 + -5 - 3)
4
-3 - (-4 - -1) - -5
5
What is 0 + -1 - ((3 - 0) + 0)?
-4
What is the value of -12 - -2 - (31 - 40)?
-1
Evaluate -3 + 1 - (72 - 65).
-9
Evaluate 5 - (5 - -4) - (-6 + 2).
0
Evaluate 50 + -56 - (-12 + 4 + -2).
4
Evaluate (0 + 1 - (3 - 0)) + 7.
5
Calculate 1 - ((-4 - (-2 - -1)) + 0).
4
What is the value of 2 + -8 + (4 - (0 + 4))?
-6
Calculate (1 - (-3 + -1 - -10)) + 10.
5
What is the value of 2 + (-4 - (-10 - -7) - 3)?
-2
Evaluate 5 + -6 + 4 + 2.
5
What is (1 - (1 + -12)) + -4?
8
Calculate 2 + (6 - 11) + -4 + 7.
0
What is the value of 3 + -5 + (0 - -6)?
4
Calculate -11 + (-7 - -2) + 10.
-6
(1 + -8 - -1) + 96 + -79
11
Evaluate -3 + (-11 - -2) + 9.
-3
What is the value of -13 + -2 - ((7 - 19) + 5)?
-8
Evaluate 6 - (11 + -7) - (3 - 0).
-1
What is 7 + 0 + -8 + 2?
1
What is 1 - -4 - (-1 + 1)?
5
7 + 1 + -6 + 4
6
What is the value of (4 - 0) + (4 - 7)?
1
Evaluate 1 - 7 - (-256 - -248).
2
Evaluate (4 + -5 - 2) + (3 - 2).
-2
What is the value of 1 - 3 - (-10 + 4)?
4
Calculate -2 + 9 + 0 - 8.
-1
What is 0 - -4 - 1 - (4 - -1)?
-2
Evaluate (-1 - (-3 - (-5 + 5))) + -1.
1
Calculate (2 - (-8 + 6)) + (-5 - 0).
-1
Calculate (-1 + 2 - -5) + 63 + -65.
4
Calculate 6 - (4 + -3 + 4 + -1).
2
Evaluate 0 - -5 - (8 + (-3 - -4)).
-4
(-2 - -2) + (-15 - -11)
-4
Evaluate (-16 - -15) + 2 + 0 + -4.
-3
Evaluate -23 - -10 - -16 - 6.
-3
Evaluate (-10 - -5) + 15 - 14.
-4
Calculate 3 + 0 + 1 - 3.
1
-13 + 18 + (-2 - -1)
4
Calculate 3 + 4 + -33 + 23.
-3
(0 - -2) + 0 + (-19 - -18)
1
3 - (4 + -4 - -2)
1
What is the value of ((-2 - 1) + -1 - -6) + 5?
7
What is the value of -21 - (-6 - 13) - (0 - 1)?
-1
What is the value of -6 + (3 - (3 - (-1 + 2)))?
-5
Calculate (2 + -9 - -5) + 4.
2
What is the value of -4 - ((3 - 4) + -1)?
-2
Calculate -3 + 1 - -4 - (8 + -1).
-5
What is the value of (-11 - 1 - -3) + 5?
-4
(3 - -1 - 5 - -5) + -8
-4
Calculate 3 + (-3 - -3) + -4.
-1
4 - (7 - 11) - (16 - 2)
-6
Calculate (9 - (6 + -2)) + -7.
-2
What is -20 - -24 - (0 + 0) - 15?
-11
-21 + 32 - (4 - -9)
-2
Calculate (-5 - (-5 + 2 - -2)) + 11.
7
Evaluate -4 + (2 - -5) + 5.
8
(2 - 0) + 0 - (2 - -2)
-2
What is 6 + (-7 - 3 - 3) + 6?
-1
Evaluate (-7 - 7 - -6) + 10 + -4.
-2
Evaluate 3 + (5 + -2 - 9 - 3).
-6
Calculate (-3 - (-3 - 0)) + -7 - -4.
-3
Evaluate (-5 - -1) + (-2 - -4 - 0).
-2
(2 - 6 - -5) + -5
-4
2 + 2 + -17 - (-114 - -109)
-8
Calculate 12 - (10 - 4) - 1.
5
-7 - (0 - (-2 + -2 + 4))
-7
2 + -3 - -2 - (-5 - -1)
5
(27 - 29) + (0 - 2) + 0
-4
What is the value of 4 + (-2 - 1) + 5 + -9?
-3
Calculate 1 + 2 + -6 + -4.
-7
What is 1 - 2 - (-1 - -1) - -4?
3
What is the value of -3 + (6 + -4 - -3)?
2
What is the value of (11 + -2 - 0) + -2?
7
Evaluate 4 - (-2 + -8 + 9).
5
Calculate (-15 - (2 + -3)) + 7.
-7
-3 + 2 - (-22 - -13)
8
What is 0 + 1 + -3 + 1 - -4?
3
0 - (-7 + 0 + (45 - 44))
6
Calculate 8 - (12 - (-12 - -20)).
4
-1 - (4 - 4) - (-2 + 4)
-3
Calculate 9 - 2 - 3 - -2.
6
What is the value of 0 - (1 + -8 - -2)?
5
Calculate 1 - (-2 - (-2 + 1 + -4)).
-2
Calculate 6 + (1 - 5) + -2.
0
Calculate -2 - 1 - (-1 + -2 + -1).
1
Calculate 3 + (1 - -1) + -16 + 12.
1
What is -4 + 0 + 0 + 4?
0
What is 7 - (1 + 0 + 7)?
-1
What is the value of 2 - (1 + (3 - 5) + -1)?
4
What is 0 - 2 - (3 - -1) - -5?
-1
Evaluate 1 - -1 - -1 - 1.
2
-3 + 1 + 6 + -8 + 1
-3
Evaluate -8 + (-2 - -5 - -2).
-3
What is -5 + 6 + (2 - -2)?
5
Calculate -1 - (0 - (-3 + 0)).
-4
What is 6 + -6 + 5 - 9?
-4
Evaluate 2 + -3 + 10 + -1.
8
Evaluate 0 + 0 + (1 - -2).
3
What is the value of (-8 - -10) + -10 + 17?
9
Evaluate -6 - (-12 - (-7 + 3)).
2
What is (-1 - 17) + -26 + 35?
-9
Calculate 0 + 0 - (-2 - -6).
-4
What is -2 + (-6 + 12 - -1)?
5
(-9 + 1 + 3 - -6) + 3
4
Evaluate (-7 - ((-4 - -3) + 1)) + 8.
1
Calculate -12 + 6 + 4 + -1.
-3
-8 - (8 - (-4 - -20))
0
What is the value of 9 - (-1 + 15) - (-4 - -1)?
-2
Calculate 3 + -2 - (3 - -2) - -1.
-3
(-2 - -10) + -26 + 13
-5
2 + -6 + (-4 - -14 - 2)
4
What is (2 - -1 - (-6 - -6)) + 3?
6
What is the value of 11 - 4 - (11 + -5)?
1
What is (-10 - (-1 + -1)) + 0?
-8
What is -1 + 6 + -4 - 4?
-3
Calculate (0 - 6) + 9 + -6.
-3
What is -14 - -4 - (-8 - -3)?
-5
What is 8 - (4 + 9 + -9)?
4
-2 - -1 - (-25 + 22)
2
Evaluate (2 - (0 + -1)) + 4 + -4.
3
What is the value of 1 + -4 + 2 + -4 + 2?
-3
What is the value of 3 - ((-1 - -5) + -4 - -7)?
-4
Evaluate 1 - 3 - (3 - 4).
-1
Evaluate (-1 - (-1 + 2)) + 3 - -1.
2
Calculate (-7 - (4 - 8)) + 0.
-3
What is the value of 5 - (1 - 1 - (-7 + 6))?
4
Evaluate 4 + -3 + -6 - -9.
4
What is (1 - (6 - 1)) + 296 + -293?
-1
Evaluate (-19 - (-36 + 17)) + 4 + 1.
5
What is (-3 - (-4 - (-1 + 0))) + -3?
-3
What is the value of (0 + 12 - 1) + -15?
-4
What is the value of (8 - 19) + 3 + 6 + 3?
1
Calculate (1 - -2) + -1 + (1 - -2).
5
(-3 - (-3 - -4)) + 0 + 3
-1
What is 46 + -47 - (0 + -1 - 2)?
2
Calculate (-7 - 2) + 16 + -3.
4
Evaluate (-1 - -8) + 8 + -2 + -9.
4
(6 - -1 - 9) + -4 - -5
-1
What is the value of -7 + (-13 - -7 - -7)?
-6
What is (1 - 0) + 2 + -1 + 3?
5
Calculate 1 - (6 - (5 + 1)).
1
0 + 3 + -11 + 8 - 2
-2
What is the value of -4 - (-4 + (-1 + 2 - -1))?
-2
What is -5 - (1 + -5 + 3)?
-4
Calculate -8 + 1 + (-3 - -8).
-2
Calculate (0 - -3) + 0 - 2 - -2.
3
What is the value of 6 + (-5 - -5) + -6?
0
Evaluate (1 - (-9 + 5)) + -7.
-2
Evaluate 2 - 8 - (-7 + 3).
-2
What is the value of 1 + (0 - 0 - (-5 - -4))?
2
What is the value of 0 - -3 - (1 - -5)?
-3
Calculate (1 - (-4 + 0)) + 4 + -12.
-3
What is the value of -1 + (7 - (-5 - -6))?
5
What is the value of (-4 - 0) + (6 - 4) + 4?
2
Evaluate 2 - -5 - (13 - 6 - 7).
7
Calculate 2 - ((9 - 6) + -4 - 2).
5
What is the value of -4 + (-5 - (-3 + (4 - 9)))?
-1
Evaluate 8 + -3 + (-7 + 0 - -7).
5
Calculate -5 - (-2 + (-3 - 1)).
1
What is (22 - 24) + (-7 - (5 - 4))?
-10
What is the value of (-2 - 6) + -3 + 6?
-5
What is 11 + -17 - (-4 - 0)?
-2
Calculate -11 + (15 - 6 - 3).
-5
Calculate -4 - (2 - (4 - -5)).
3
What is the value of -4 + (-3 - -3 - -1) - -6?
3
Calculate (-7 - -6) + (3 - -1) + -1.
2
What is -4 + -5 + 12 - 1?
2
Calculate 2 - (2 - (-1 - 3 - -3)).
-1
Evaluate (5 + 4 - 4 - 2) + 1.
4
Evaluate 3 + (-8 - -13 - 8).
0
Evaluate (3 + -1 - 9) + (21 - 21).
-7
What is the value of (-26 - -12) + 0 - -3?
-11
What is the value of (24 - 32) + 2 + 5?
-1
(0 - (-7 - -1)) + -6
0
What is 9 + -5 + 9 + -8?
5
What is the value of 5 + -1 - (15 - (16 + -9))?
-4
Calculate 4 - (-2 + 6 - (3 - -3)).
6
Evaluate 0 + (15 - 3) - (10 + -3).
5
Evaluate -6 + 13 - (2 - -1).
4
0 - (2 + (4 + -1 - 0))
-5
-6 + 6 - 2 - (0 - -1)
-3
What is the value of 0 - (-3 - -4 - 0) - 1?
-2
What is -3 + 9 - 0 - 4?
2
What is -1 - (-3 - 4) - (3 + 2)?
1
Evaluate 3 + 4 + 1 + -1 + -2.
5
Evaluate -22 + 18 - (2 - 2 - 1).
-3
Calculate 9 - (8 + (2 - 0) - 5).
4
Calculate (-4 - (-9 + 6)) + -6 + 9.
2
4 + 0 + (-2 - 7)
-5
Calculate 8 - 6 - (2 + -2).
2
Evaluate 1 - 1 - (-13 + (3 - -9)).
1
What is -10 - (-44 - -37 - (-1 + -4))?
-8
Calculate 1 + (6 - 26 - -14).
-5
3 + 2 + 1 + -3
3
Calculate 1 + (0 - (3 - 0) - -3).
1
Calculate (1 + 